{"id":34,"date":"2010-07-09T10:28:33","date_gmt":"2010-07-09T09:28:33","guid":{"rendered":"http:\/\/jusos-schwerin.de\/?page_id=34"},"modified":"2018-04-04T20:48:14","modified_gmt":"2018-04-04T19:48:14","slug":"mitmachen","status":"publish","type":"page","link":"http:\/\/jusos-schwerin.de\/?page_id=34","title":{"rendered":"Mitglied werden"},"content":{"rendered":"<p><iframe width=\"780\" height=\"439\" src=\"https:\/\/www.youtube.com\/embed\/PzVGX37BTNc?feature=oembed\" frameborder=\"0\" allow=\"autoplay; encrypted-media\" allowfullscreen><\/iframe><\/p>\n<p>Mitmachen!<br \/>\nDenkst du, dass endlich mehr Geld in Schulen und Hochschulen gesteckt werden sollte? Meinst du, dass Azubi-Gehalt und BAf\u00f6G reichen sollten, um auf eigenen Beinen zu stehen? Findest du es richtig, Gefl\u00fcchteten zu helfen und gegen Rechtsradikale auf die Stra\u00dfe zu gehen? Bist du der Meinung, dass es hier einfach insgesamt gerechter zugehen sollte?<\/p>\n<p>&nbsp;<\/p>\n<h3>Sehen wir genauso!<\/h3>\n<p>Deswegen engagieren sich mehr als 70.000 Mitglieder im Alter von 14 bis 35 Jahren bei uns. Darunter gibt es manche, die sich f\u00fcr eine bestimmte Idee vor Ort einsetzen und andere, die alles auf den Kopf stellen wollen. Menschen, die zu den Jusos kommen, sind total unterschiedlich. Wir Jusos diskutieren nicht nur \u00fcber Gesellschaft von morgen. Wir machen viele Aktionen, spannende Veranstaltungen und verbringen auch mal einfach so einen netten Abend. Das alles macht nicht nur Spa\u00df, sondern wir ver\u00e4ndern auch etwas. Ganz egal ob du gerade 14 bist oder um die 30. Ob dich genau ein Thema besch\u00e4ftigt oder die ganze Welt. Ob du dich trotz oder wegen der SPD f\u00fcr uns interessierst: Wenn du f\u00fcr mehr soziale Gerechtigkeit bist, dann bist du bei uns richtig!<\/p>\n<p>Du willst mitmachen? Dann werde Juso:\u00a0<a href=\"https:\/\/jusowerden.spd.de\/eintritt-juso\">jusowerden.spd.de<\/a><\/p>\n","protected":false},"excerpt":{"rendered":"","protected":false},"author":18,"featured_media":0,"parent":0,"menu_order":6,"comment_status":"open","ping_status":"open","template":"","meta":[],"_links":{"self":[{"href":"http:\/\/jusos-schwerin.de\/index.php?rest_route=\/wp\/v2\/pages\/34"}],"collection":[{"href":"http:\/\/jusos-schwerin.de\/index.php?rest_route=\/wp\/v2\/pages"}],"about":[{"href":"http:\/\/jusos-schwerin.de\/index.php?rest_route=\/wp\/v2\/types\/page"}],"author":[{"embeddable":true,"href":"http:\/\/jusos-schwerin.de\/index.php?rest_route=\/wp\/v2\/users\/18"}],"replies":[{"embeddable":true,"href":"http:\/\/jusos-schwerin.de\/index.php?rest_route=%2Fwp%2Fv2%2Fcomments&post=34"}],"version-history":[{"count":40,"href":"http:\/\/jusos-schwerin.de\/index.php?rest_route=\/wp\/v2\/pages\/34\/revisions"}],"predecessor-version":[{"id":2260,"href":"http:\/\/jusos-schwerin.de\/index.php?rest_route=\/wp\/v2\/pages\/34\/revisions\/2260"}],"wp:attachment":[{"href":"http:\/\/jusos-schwerin.de\/index.php?rest_route=%2Fwp%2Fv2%2Fmedia&parent=34"}],"curies":[{"name":"wp","href":"https:\/\/api.w.org\/{rel}","templated":true}]}}