{"id":1476,"date":"2011-12-12T12:20:45","date_gmt":"2011-12-12T11:20:45","guid":{"rendered":"http:\/\/jusos-schwerin.de\/?page_id=1476"},"modified":"2018-03-27T13:52:24","modified_gmt":"2018-03-27T12:52:24","slug":"dokumente-beschlusse","status":"publish","type":"page","link":"http:\/\/jusos-schwerin.de\/?page_id=1476","title":{"rendered":"Downloads"},"content":{"rendered":"<p>Auf dieser Seiten sind einige Dateien zum Download verf\u00fcgbar, zum Beispiel Beschl\u00fcsse, die wir gefasst haben &#8211; oder andere relevante Dokumente.<\/p>\n<p><strong>ORGANISATORISCHES<\/strong><\/p>\n<p><a href=\"http:\/\/jusos-schwerin.de\/wp-content\/uploads\/2011\/12\/Richtlinien-Jusos-Schwerin.pdf\" target=\"_blank\" rel=\"noopener\">Richtlinien der Jusos Schwerin<\/a><br \/>\n(beschlossen auf der ordentlichen Kreisvollversammlung am 2. Dezember 2011)<\/p>\n<p><strong>INHALTLICHE BESCHL\u00dcSSE<\/strong><\/p>\n<p><a href=\"http:\/\/jusos-schwerin.de\/wp-content\/uploads\/2015\/05\/Antrag_MiLoG_konsequent_umsetzen.pdf\" target=\"_blank\" rel=\"noopener\">Mindestlohn konsequent umsetzen<\/a><br \/>\n(beschlossen auf der Mitgliederversammlung am 12. Mai 2015)<\/p>\n<p><a href=\"http:\/\/jusos-schwerin.de\/wp-content\/uploads\/2015\/05\/Antrag_Anpassung_BedGewVO_M-V.pdf\" target=\"_blank\" rel=\"noopener\">Anpassung Bedarfsgewerbeverordnung (BedGewVO M-V)<\/a><br \/>\n(beschlossen auf der Mitgliederversammlung am 12. Mai 2015)<\/p>\n<p><a href=\"http:\/\/jusos-schwerin.de\/wp-content\/uploads\/2014\/12\/Antrag-Umgang-mit-AfD-19_12_2014.pdf\" target=\"_blank\" rel=\"noopener\">Innerparteilicher Umgang mit der AfD<\/a><br \/>\n(beschlossen auf der ordentlichen Kreisvollversammlung am 19. Dezember 2014)<\/p>\n<p><a href=\"http:\/\/jusos-schwerin.de\/wp-content\/uploads\/2014\/11\/Konzept_KiJuRa_Jusos_Schwerin.pdf\" target=\"_blank\" rel=\"noopener\">Konzept Kinder- und Jugendrat<\/a><br \/>\n(beschlossen auf der Mitgliederversammlung am 4. November 2014)<\/p>\n<p><a href=\"http:\/\/jusos-schwerin.de\/wp-content\/uploads\/2014\/12\/Antrag-\u00d6PNV-29_11_2013.pdf\" target=\"_blank\" rel=\"noopener\">Leistungsf\u00e4higer \u00d6PNV<\/a><br \/>\n(beschlossen auf der ordentlichen Kreisvollversammlung am 29. November 2013)<\/p>\n<p><a href=\"http:\/\/jusos-schwerin.de\/wp-content\/uploads\/2012\/10\/Positionspapier-Staedtischer-Haushalt-Jusos-2012.pdf\" target=\"_blank\" rel=\"noopener\">Positionspapier &#8222;St\u00e4dtischer Haushalt&#8220;<\/a><br \/>\n(beschlossen auf der Mitgliederversammlung am 25. September 2012)<\/p>\n<p><a href=\"http:\/\/jusos-schwerin.de\/wp-content\/uploads\/2011\/12\/Antrag-Tonsberg-Laden-02_12_2011.pdf\" target=\"_blank\" rel=\"noopener\">Bekleidungs-Laden &#8222;T\u00f8nsberg&#8220;<\/a><br \/>\n(beschlossen auf der ordentlichen Kreisvollversammlung am 2. Dezember 2011)<\/p>\n<p><a href=\"http:\/\/jusos-schwerin.de\/wp-content\/uploads\/2011\/12\/Antrag-Kulturf\u00f6rderabgabe-02_12_2011.pdf\" target=\"_blank\" rel=\"noopener\">Einf\u00fchrung einer Kulturf\u00f6rderabgabe<\/a><br \/>\n(beschlossen auf der ordentlichen Kreisvollversammlung am 2. Dezember 2011)<\/p>\n<p><a href=\"http:\/\/jusos-schwerin.de\/wp-content\/uploads\/2011\/12\/Antrag-Pflegest\u00fctzpunkt-02_12_2011.pdf\" target=\"_blank\" rel=\"noopener\">Einrichtung eines Pflegest\u00fctzpunktes in Schwerin<\/a><br \/>\n(beschlossen auf der ordentlichen Kreisvollversammlung am 2. Dezember 2011)<\/p>\n<p><a href=\"http:\/\/jusos-schwerin.de\/wp-content\/uploads\/2011\/12\/Antrag-Schulrahmengestaltung-02_12_2011.pdf\" target=\"_blank\" rel=\"noopener\">Schulrahmengestaltung der allgemeinbildenden Schulen in Mecklenburg-Vorpommern<br \/>\nvon der 1. bis zur 10. Jahrgangsstufe<\/a><br \/>\n(beschlossen auf der ordentlichen Kreisvollversammlung am 2. Dezember 2011)<\/p>\n<p><strong>MATERIAL<\/strong><\/p>\n<p><a href=\"http:\/\/jusos-schwerin.de\/wp-content\/uploads\/2012\/06\/Flyer_Keine_Gesch\u00e4fte_Mit_Nazis.pdf\" target=\"_blank\" rel=\"noopener\">Flyer &#8222;Schweriner B\u00fcndnis &#8211; Keine Gesch\u00e4fte mit Nazis&#8220;<\/a><br \/>\n(Aufkl\u00e4rungsflyer des B\u00fcndnisses zu &#8222;Thor Steinar&#8220; und dem Schweriner &#8222;T\u00f8nsberg&#8220;-Laden)<\/p>\n","protected":false},"excerpt":{"rendered":"","protected":false},"author":18,"featured_media":0,"parent":0,"menu_order":4,"comment_status":"open","ping_status":"open","template":"","meta":[],"_links":{"self":[{"href":"http:\/\/jusos-schwerin.de\/index.php?rest_route=\/wp\/v2\/pages\/1476"}],"collection":[{"href":"http:\/\/jusos-schwerin.de\/index.php?rest_route=\/wp\/v2\/pages"}],"about":[{"href":"http:\/\/jusos-schwerin.de\/index.php?rest_route=\/wp\/v2\/types\/page"}],"author":[{"embeddable":true,"href":"http:\/\/jusos-schwerin.de\/index.php?rest_route=\/wp\/v2\/users\/18"}],"replies":[{"embeddable":true,"href":"http:\/\/jusos-schwerin.de\/index.php?rest_route=%2Fwp%2Fv2%2Fcomments&post=1476"}],"version-history":[{"count":26,"href":"http:\/\/jusos-schwerin.de\/index.php?rest_route=\/wp\/v2\/pages\/1476\/revisions"}],"predecessor-version":[{"id":2224,"href":"http:\/\/jusos-schwerin.de\/index.php?rest_route=\/wp\/v2\/pages\/1476\/revisions\/2224"}],"wp:attachment":[{"href":"http:\/\/jusos-schwerin.de\/index.php?rest_route=%2Fwp%2Fv2%2Fmedia&parent=1476"}],"curies":[{"name":"wp","href":"https:\/\/api.w.org\/{rel}","templated":true}]}}